{"id":1215,"date":"2021-12-04T12:30:54","date_gmt":"2021-12-04T12:30:54","guid":{"rendered":"https:\/\/freistil-rolf-benz.de\/?post_type=product&#038;p=1215"},"modified":"2026-04-29T10:48:27","modified_gmt":"2026-04-29T10:48:27","slug":"freistil-118-stuhl-von-rolf-benz-neu-eingetroffen-2","status":"publish","type":"product","link":"https:\/\/freistil-rolf-benz.de\/?product=freistil-118-stuhl-von-rolf-benz-neu-eingetroffen-2","title":{"rendered":"freistil 118 Stuhl von Rolf Benz ( Ausstellungsst\u00fcck )"},"content":{"rendered":"<p>Link zum QR-Code damit Sie das Sofa in 3D anschauen und als VR ( virtuelle Realit\u00e4t ) in Ihr Zimmer stellen k\u00f6nnen.<\/p>\n<p><a href=\"https:\/\/www.roomle.com\/t\/cp\/ar.html?id=freistil%3A118_type_stuhl%3ABF5544A4E6D3D0E80347A9A32876BCA483C782FF29B20DF60872AFA79CD96D72&amp;configuratorId=freistil\">https:\/\/www.roomle.com\/t\/cp\/ar.html?id=freistil%3A118_type_stuhl%3ABF5544A4E6D3D0E80347A9A32876BCA483C782FF29B20DF60872AFA79CD96D72&amp;configuratorId=freistil<\/a><\/p>\n","protected":false},"excerpt":{"rendered":"<p><strong>Neues Freistil 118 Stuhl<\/strong>\u00a0von Rolf Benz<\/p>\n<p>mit Sitzkissen<\/p>\n<p>Sitzh\u00f6he: 45cm<\/p>\n<p>&nbsp;<\/p>\n<p><b>Tischfuss:\u00a0<\/b>KurveStahl; feinstrucktur pulverbeschichtet; matt tiefschwarz<\/p>\n<p>Angegebener Preis gilt f\u00fcr Abholungen 72555 Metzingen. Gerne senden wir Ihnen ein Preisangebot inclusive Lieferkosten. Daf\u00fcr br\u00e4chten wir Ihren genauen Lieferort mit Postleitzahl.<\/p>\n<p>&nbsp;<\/p>\n","protected":false},"featured_media":2068,"comment_status":"open","ping_status":"closed","template":"","meta":{"_coblocks_attr":"","_coblocks_dimensions":"","_coblocks_responsive_height":"","_coblocks_accordion_ie_support":""},"product_cat":[51,54,52],"product_tag":[],"class_list":{"0":"post-1215","1":"product","2":"type-product","3":"status-publish","4":"has-post-thumbnail","6":"product_cat-alle-produkte","7":"product_cat-esstische-und-stuehle","8":"product_cat-jetzt-ausgestellt","10":"first","11":"instock","12":"sale","13":"taxable","14":"shipping-taxable","15":"purchasable","16":"product-type-simple"},"jetpack_sharing_enabled":true,"_links":{"self":[{"href":"https:\/\/freistil-rolf-benz.de\/index.php?rest_route=\/wp\/v2\/product\/1215"}],"collection":[{"href":"https:\/\/freistil-rolf-benz.de\/index.php?rest_route=\/wp\/v2\/product"}],"about":[{"href":"https:\/\/freistil-rolf-benz.de\/index.php?rest_route=\/wp\/v2\/types\/product"}],"replies":[{"embeddable":true,"href":"https:\/\/freistil-rolf-benz.de\/index.php?rest_route=%2Fwp%2Fv2%2Fcomments&post=1215"}],"wp:featuredmedia":[{"embeddable":true,"href":"https:\/\/freistil-rolf-benz.de\/index.php?rest_route=\/wp\/v2\/media\/2068"}],"wp:attachment":[{"href":"https:\/\/freistil-rolf-benz.de\/index.php?rest_route=%2Fwp%2Fv2%2Fmedia&parent=1215"}],"wp:term":[{"taxonomy":"product_cat","embeddable":true,"href":"https:\/\/freistil-rolf-benz.de\/index.php?rest_route=%2Fwp%2Fv2%2Fproduct_cat&post=1215"},{"taxonomy":"product_tag","embeddable":true,"href":"https:\/\/freistil-rolf-benz.de\/index.php?rest_route=%2Fwp%2Fv2%2Fproduct_tag&post=1215"}],"curies":[{"name":"wp","href":"https:\/\/api.w.org\/{rel}","templated":true}]}}

freistil 118 Stuhl von Rolf Benz ( Ausstellungsstück )

<p>Link zum QR-Code damit Sie das Sofa in 3D anschauen und als VR ( virtuelle Realität ) in Ihr Zimmer stellen können.</p>
<p><a href="https://www.roomle.com/t/cp/ar.html?id=freistil%3A118_type_stuhl%3ABF5544A4E6D3D0E80347A9A32876BCA483C782FF29B20DF60872AFA79CD96D72&amp;configuratorId=freistil">https://www.roomle.com/t/cp/ar.html?id=freistil%3A118_type_stuhl%3ABF5544A4E6D3D0E80347A9A32876BCA483C782FF29B20DF60872AFA79CD96D72&amp;configuratorId=freistil</a></p>

<p><strong>Neues Freistil 118 Stuhl</strong> von Rolf Benz</p>
<p>mit Sitzkissen</p>
<p>Sitzhöhe: 45cm</p>
<p>&nbsp;</p>
<p><b>Tischfuss: </b>KurveStahl; feinstrucktur pulverbeschichtet; matt tiefschwarz</p>
<p>Angegebener Preis gilt für Abholungen 72555 Metzingen. Gerne senden wir Ihnen ein Preisangebot inclusive Lieferkosten. Dafür brächten wir Ihren genauen Lieferort mit Postleitzahl.</p>
<p>&nbsp;</p>
